496 = y*l. What is the units digit of l?
1
Suppose 13*t = 11*t - 784. What is the hundreds digit of (8/(96/(-27)))/(3/t)?
2
Let n be -2 - (3 + 33)/(-2). Suppose -17199 = n*u - 37*u. What is the units digit of u?
9
Let m be (-16)/48*(-15 + (-6 - -3)). Let c be (-1)/(1/2*-2). What is the units digit of -3 + m + 2/c?
5
Suppose -4*j + 16895 = x, 18*j - 15*j + 84567 = 5*x. What is the thousands digit of x?
6
Suppose 316*s - 168207 = 592*s - 295*s. What is the units digit of s?
3
Let a(w) = -267*w + 123. What is the ten thousands digit of a(-58)?
1
Let v be (-20)/90*-744*3/2. Suppose v = 6*s + 92. What is the tens digit of s?
2
Let m(r) = 57 - r - 37 + 0*r. What is the units digit of m(18)?
2
Suppose -7*r + 8*r - m = 4307, 0 = -5*r - m + 21535. What is the units digit of r?
7
Let b(c) = -c**3 - 11*c**2 - 14*c - 9. Suppose -3*s + 56 = 2*k, 3*k - 51 = -s - 2*s. Suppose -s = 19*j - 17*j. What is the units digit of b(j)?
5
Suppose 366*k = 371*k + 30, -3*k = v - 75645. What is the tens digit of v?
6
Let m be (16/10)/((-36)/(-3150)). Suppose -8*f = -f - m. Suppose 2*l - 46 - f = 0. What is the tens digit of l?
3
Suppose 1197*l - 3245534 = 1096*l. What is the hundreds digit of l?
1
Suppose 5*q + 99 = 124. Suppose -3*z - 3*w = -723, q*w - 5 = -0. What is the tens digit of z?
4
Let s(j) = -280*j + 489. What is the tens digit of s(-24)?
0
Let h(z) = 12*z**2 - 105*z - 126. What is the thousands digit of h(-37)?
0
Suppose -5*c - 4*c = -90. Let i(w) = 24*w**3 + 11*w**2 + c*w - 4 - 3 - 23*w**3. What is the hundreds digit of i(-8)?
1
Suppose -5*g + 24 = g. Let t(l) = -6 + 520*l - 4 - 476*l. What is the hundreds digit of t(g)?
1
Let x be 4/(-8) + (-45)/6. Let k be (956/x)/(5/(-10)). Suppose -237*q = -k*q + 400. What is the hundreds digit of q?
2
Suppose 19*o - 16*o - 255 = 0. Let b = -23 + o. Suppose w + b = 2*w. What is the units digit of w?
2
Suppose 6*p + 129 + 177 = 0. Let b = p + 51. Suppose -3*r - 12 = b, 7 = -5*o - 4*r + 501. What is the units digit of o?
2
Suppose 12 = -5*u - 3*g, 0*u + 4*g = -4*u - 16. Suppose 0 = -5*w + 3*s + 44, u*s + s - 4 = -w. What is the hundreds digit of (120/w)/(1/7)?
1
What is the thousands digit of ((-37339)/3 + (-2)/3)*(-563 - -562)?
2
What is the units digit of (18/4)/3*1061922/261?
3
Let o = 10106 - 1116. What is the hundreds digit of o?
9
Let r = 9848 + 8798. What is the ten thousands digit of r?
1
Suppose -15*v + 7*v = 4256. Let w = v - -643. What is the units digit of w?
1
Let d = -828 - -747. Let x = 615 + d. What is the tens digit of x?
3
Let v(b) = -138*b**3 + 20*b**2 + 38*b - 3. What is the units digit of v(-3)?
9
Suppose -5*s - 4*u = -33109, 2*s - 5*u - 3244 = 9960. What is the hundreds digit of s?
6
Suppose -5*u + 5*q + 40 = 0, -5*u + 30 = -q - 2*q. Suppose u*w + 55 = 3*m + 4*w, -4*m - 2*w = -72. Suppose d - 194 = -m. What is the units digit of d?
5
Let w(l) = l + 6. Let a be w(-9). Let q(k) = 38*k + 13. Let z(s) = 20*s + 6. Let c(n) = 3*q(n) - 7*z(n). What is the units digit of c(a)?
5
Suppose -24*k + 99 = 9*k. Suppose k*q - 5*l + 9*l - 3232 = 0, -2*q = 3*l - 2154. What is the units digit of q?
0
Let g(q) = -q**3 + 6*q**2 - q + 8. Let u be g(6). Suppose -4*t - 148 = r - 480, u*r - 2*t - 674 = 0. What is the hundreds digit of r?
3
Let v(m) = -18*m + 6. Let f(t) = -t + 1. Let d(w) = -60*f(w) + 2*v(w). What is the hundreds digit of d(7)?
1
Let o(w) = -6*w**3 - 6*w**2 - 12*w + 371. Let p(c) = c**3 + c**2 + 2*c - 1. Let z(s) = o(s) + 5*p(s). What is the hundreds digit of z(0)?
3
Let l = -37 - -39. Suppose 3*q - 285 = -q - 3*s, 0 = l*q - 4*s - 148. What is the units digit of q?
2
Suppose -7*p + 8*p = -6. Let g be (-1 + (-1)/(-2))*60/p. Suppose -2*y = 6*t - 3*t - 226, 0 = y - g. What is the tens digit of t?
7
Let u(o) = 2*o**2 - 2*o - 2. Suppose -12*m = 16*m - 140. What is the units digit of u(m)?
8
Let a(y) = -29*y - 58. Let o be a(-2). Let s(b) = b**2 - 7*b + 1748. What is the thousands digit of s(o)?
1
What is the thousands digit of ((1 - -3)/(-2))/((-276)/(-552)) - -46816?
6
Let o be (-2 + -3)*28/(-10). Let n(r) = -4*r**2 - r. Let p(f) = -f**3 - 6*f**2 - 3*f + 3. Let i(z) = -5*n(z) + p(z). What is the tens digit of i(o)?
3
Suppose 436*l - 4984452 = 370*l. What is the hundreds digit of l?
5
What is the hundreds digit of 297/198*(-14 - 0)*-43?
9
Suppose 2*l - 5*d = 7214, 4*d - 637 + 11430 = 3*l. What is the hundreds digit of l?
5
Suppose 5083414 = 198*j + 124*j. What is the units digit of j?
7
Let c be 84/20 + (-4)/20. Let d be 1 + (c - 5) - -162. Suppose 0 = -r + 3*r - d. What is the tens digit of r?
8
Let g(j) = j**3 - 8*j**2 + 2. Let f(x) = x**2 - 2*x. Let p be f(-2). Let u be g(p). Suppose 252 = u*w + 4*w. What is the tens digit of w?
4
Suppose -3*q + 23*k + 126 = 25*k, -2*q + 100 = -4*k. Suppose -24*w + q*w - 23120 = 0. What is the units digit of w?
6
What is the thousands digit of (-114200)/(-12) - (2/(-12))/((-1)/(-2))?
9
Let n = 677 - 447. Let p = -32 + n. What is the tens digit of p?
9
Let b(t) = -2*t**3 - 4*t**2 - 11*t - 13. Let w(g) = -2*g**3 - 33*g**2 + 52*g - 41. Let c be w(-18). What is the tens digit of b(c)?
9
Let o = -10788 + 43098. What is the thousands digit of o?
2
Let q(u) = 185*u + 22. Let w be q(4). Let v = w + -168. What is the units digit of v?
4
Suppose 22*l + 470 = 69*l. Let s be 6308/36 + (-4)/18. Suppose s = -l*f + 17*f. What is the units digit of f?
5
What is the units digit of -7 + 1593/225 + 100696/50?
4
Suppose -7*x + 115888 = -23387 + 10538. What is the hundreds digit of x?
3
Let a = -25918 - -25923. Suppose 0 = -o - 0 + 2. Suppose 3*d = a*r - 1057, -2*r = -0*d - o*d - 426. What is the tens digit of r?
0
Suppose 0 = -3*u - u - 12. Suppose 0 = -108*a + 102*a + 654. What is the units digit of -1 - 0 - a/3*u?
8
Let y = 16242 - 6022. What is the units digit of y?
0
Suppose -9*j = 115234 + 116102. What is the hundreds digit of (-24)/300 + j/(-50)?
5
Suppose 0 = 3*r - 3*o, -4*r + 0*r = -5*o. Suppose z - 2*u - u - 14 = 0, z + 4*u + 14 = r. Suppose -5*n - 4 = -4*n, z*a + 4*n = 46. What is the tens digit of a?
3
Suppose 12 = -48*m + 50*m. Suppose -3 = n, -m*n + n - 1583 = -2*s. What is the units digit of s?
4
Let v be -1 + (-3)/(-2 + 1125/564). Suppose v = 9*r - 112. Let s = 118 - r. What is the tens digit of s?
4
Let c(x) = -4216*x - 1117. What is the thousands digit of c(-5)?
9
Let l(w) = 10*w + 1. Let m be l(2). Suppose 174 = -m*x + 23*x. What is the units digit of x?
7
Let u(v) = -v**3 + v**2 - 14*v + 73. Let z be u(7). Let g = z - -341. What is the units digit of g?
2
Suppose 0 = -4*b + 3*u + 9456, 2*u = 2*b - 2*u - 4718. Let n be (2/5)/(6/210). Suppose 23*s = n*s + b. What is the units digit of s?
3
Suppose 5 = -n + r, 3 - 1 = 2*n + 2*r. Suppose -15*u = -63*u - 192. What is the units digit of (97 - 1)*(1 + n/u)?
4
Let c be (0 + 10)*(-90)/(-75). Let u be ((-3)/(-6) + 1)/(c/1984). What is the tens digit of -1*1*u/(-2)?
2
Suppose 16 = 3*c - 197. Let n = c + -55. Suppose -5*v + n = -9. What is the units digit of v?
5
Let j be (-1 - 513/2)*(-168)/(-210). Let a = j - -283. What is the units digit of a?
7
Let f = -14828 - -15150. What is the tens digit of f?
2
Suppose -3*o = -2*s + 49, 3*o - 3*s + 12 = -39. What is the hundreds digit of o/(225/(-2890))*6/4?
2
What is the hundreds digit of 237076*(-192)/(-504) + -8*(-1)/6?
3
Suppose -20*q = -4*q + 1104. What is the units digit of (222/4)/(q/(-46))?
7
Let l = -846 - -794. Suppose -3*i + 170 = f, i = 3*i + 3*f - 118. Let z = i - l. What is the hundreds digit of z?
1
Let q = -101 + 197. Suppose -5*t + 6*t - q = 0. Let j = 5 + t. What is the units digit of j?
1
Suppose 3*o - 2366 = -2381, b + 2*o - 3070 = 0. What is the hundreds digit of b?
0
Let d(h) be the third derivative of -h**6/120 + 4*h**5/15 - 7*h**4/24 + 4*h**3/3 + 77*h**2. What is the units digit of d(11)?
6
Let r = -15902 - -27016. What is the hundreds digit of r?
1
Suppose -2*q + 5*z = -17 - 47, -5*z + 20 = 0. Suppose q*d = 44*d - 30. What is the units digit of 81 + 3/d*5?
2
Suppose 3*u + 15 = 2*x + 4*u, 0 = -x - 2*u + 12. Let b be -4*(-453)/x - 3. Suppose 3*l - 4 = -10, -2*l = -5*i + b. What is the units digit of i?
9
Suppose -4*f + 3172 = 4*j, -2*f - 5*j - 3935 = -7*f. Suppose -2*o = 8*o - f. Suppose -r + 66 = -o. What is the tens digit of r?
4
Suppose -7*l + 146456 = -181508. What is